{"id":3440,"date":"2023-06-04T20:52:01","date_gmt":"2023-06-04T20:52:01","guid":{"rendered":"https:\/\/vagonynahorach.cz\/der-hytlak-des-vorarbeiters\/"},"modified":"2023-09-07T19:53:35","modified_gmt":"2023-09-07T19:53:35","slug":"vorstandswaggon","status":"publish","type":"page","link":"https:\/\/vagonynahorach.cz\/de\/vorstandswaggon\/","title":{"rendered":"VORSTANDSWAGGON"},"content":{"rendered":"<p>[et_pb_section fb_built=&#8220;1&#8243; custom_padding_last_edited=&#8220;off|desktop&#8220; admin_label=&#8220;Header Section&#8220; _builder_version=&#8220;4.22.1&#8243; use_background_color_gradient=&#8220;on&#8220; background_color_gradient_stops=&#8220;#ffffff 40%|rgba(255,255,255,0) 100%&#8220; background_color_gradient_overlays_image=&#8220;on&#8220; background_color_gradient_start=&#8220;#ffffff&#8220; background_color_gradient_start_position=&#8220;40%&#8220; background_color_gradient_end=&#8220;rgba(255,255,255,0)&#8220; background_image=&#8220;https:\/\/vagonynahorach.cz\/wp-content\/uploads\/2023\/07\/F26EE633-7492-4B35-901F-E616152B835D.jpeg&#8220; custom_padding=&#8220;0.2%|0px|21.1%|0px||&#8220; custom_padding_tablet=&#8220;320px|0px|0px|0px&#8220; hover_enabled=&#8220;0&#8243; global_colors_info=&#8220;{}&#8220; title_text=&#8220;F26EE633-7492-4B35-901F-E616152B835D&#8220; sticky_enabled=&#8220;0&#8243;][et_pb_row admin_label=&#8220;Kopfzeile&#8220; _builder_version=&#8220;4.16&#8243; global_colors_info=&#8220;{}&#8220;][et_pb_column type=&#8220;4_4&#8243; _builder_version=&#8220;4.16&#8243; custom_padding=&#8220;|||&#8220; global_colors_info=&#8220;{}&#8220; custom_padding__hover=&#8220;|||&#8220;][et_pb_text _builder_version=&#8220;4.19.0&#8243; text_font=&#8220;Open Sans|600|||||||&#8220; text_font_size=&#8220;16px&#8220; text_line_height=&#8220;1.8em&#8220; header_font=&#8220;Oswald|||on|||||&#8220; header_font_size=&#8220;60px&#8220; header_letter_spacing=&#8220;5px&#8220; header_line_height=&#8220;1.4em&#8220; text_orientation=&#8220;center&#8220; max_width=&#8220;700px&#8220; module_alignment=&#8220;center&#8220; animation_style=&#8220;fade&#8220; global_colors_info=&#8220;{}&#8220;]<\/p>\n<h1>VORSTANDSWAGGON<\/h1>\n<p>[\/et_pb_text][et_pb_text _builder_version=&#8220;4.19.0&#8243; _module_preset=&#8220;default&#8220; text_font=&#8220;Oswald||||||||&#8220; text_font_size=&#8220;20px&#8220; text_line_height=&#8220;2em&#8220; header_font=&#8220;|||on|||||&#8220; header_text_align=&#8220;center&#8220; header_line_height=&#8220;1.8em&#8220; text_orientation=&#8220;center&#8220; custom_padding=&#8220;46px|||||&#8220; global_colors_info=&#8220;{}&#8220;]<\/p>\n<p>Er mag es, Teil unseres historischen Bahnhofs zu sein. Er \u00fcberblickt ein sch\u00f6nes Geb\u00e4ude aus dem 19. Jahrhundert und einen stillen Bahnsteig, auf dem mehr F\u00fcchse als Fahrg\u00e4ste unterwegs sind. Mit seinen Originaldetails ist er ein echter H\u00fcttelwagen von 1948. Und mit seiner Vorstandsausstattung wird er auch die Kleinen begeistern.<\/p>\n<p>[\/et_pb_text][et_pb_button button_url=&#8220;#Wald&#8220; button_text=&#8220;BUCHUNGSKALENDER&#8220; button_alignment=&#8220;center&#8220; _builder_version=&#8220;4.21.0&#8243; _module_preset=&#8220;default&#8220; custom_button=&#8220;on&#8220; button_text_size=&#8220;24px&#8220; button_text_color=&#8220;#000000&#8243; button_border_color=&#8220;#000000&#8243; custom_padding=&#8220;0px|||||&#8220; global_colors_info=&#8220;{}&#8220;][\/et_pb_button][\/et_pb_column][\/et_pb_row][\/et_pb_section][et_pb_section fb_built=&#8220;1&#8243; _builder_version=&#8220;4.16&#8243; _module_preset=&#8220;default&#8220; custom_padding=&#8220;43px||11px|||&#8220; global_colors_info=&#8220;{}&#8220;][et_pb_row _builder_version=&#8220;4.16&#8243; _module_preset=&#8220;default&#8220; saved_tabs=&#8220;all&#8220; global_colors_info=&#8220;{}&#8220;][et_pb_column type=&#8220;4_4&#8243; _builder_version=&#8220;4.16&#8243; _module_preset=&#8220;default&#8220; global_colors_info=&#8220;{}&#8220;][et_pb_image src=&#8220;https:\/\/vagonynahorach.cz\/wp-content\/uploads\/2021\/11\/piktogramy-komplet.png&#8220; title_text=&#8220;piktogramy-komplet&#8220; _builder_version=&#8220;4.16&#8243; _module_preset=&#8220;default&#8220; max_width=&#8220;50%&#8220; module_alignment=&#8220;center&#8220; global_colors_info=&#8220;{}&#8220;][\/et_pb_image][\/et_pb_column][\/et_pb_row][et_pb_row _builder_version=&#8220;4.16&#8243; _module_preset=&#8220;default&#8220; global_colors_info=&#8220;{}&#8220;][et_pb_column type=&#8220;4_4&#8243; _builder_version=&#8220;4.16&#8243; _module_preset=&#8220;default&#8220; global_colors_info=&#8220;{}&#8220;][et_pb_text _builder_version=&#8220;4.19.0&#8243; _module_preset=&#8220;default&#8220; text_font=&#8220;Oswald||||||||&#8220; text_font_size=&#8220;20px&#8220; text_letter_spacing=&#8220;1px&#8220; text_line_height=&#8220;1.8em&#8220; header_font=&#8220;|||on|||||&#8220; header_text_align=&#8220;center&#8220; header_line_height=&#8220;1.8em&#8220; text_orientation=&#8220;center&#8220; custom_padding=&#8220;46px|||||&#8220; global_colors_info=&#8220;{}&#8220;]<\/p>\n<h1><b>GANZJ\u00c4HRIGER KOMFORT<\/b><\/h1>\n<p><strong>Der Waggon ist komplett isoliert, ein Holzofen und eine Elektroheizung sorgen f\u00fcr Gem\u00fctlichkeit auch im h\u00e4rtesten erzgebirgischen Winter. Es erwarten Sie saubere Bettw\u00e4sche, Handt\u00fccher und eine voll ausgestattete K\u00fcche.<\/strong><\/p>\n<p>[\/et_pb_text][\/et_pb_column][\/et_pb_row][et_pb_row column_structure=&#8220;1_2,1_2&#8243; _builder_version=&#8220;4.16&#8243; _module_preset=&#8220;default&#8220; global_colors_info=&#8220;{}&#8220;][et_pb_column type=&#8220;1_2&#8243; _builder_version=&#8220;4.16&#8243; _module_preset=&#8220;default&#8220; global_colors_info=&#8220;{}&#8220;][et_pb_text _builder_version=&#8220;4.19.0&#8243; _module_preset=&#8220;default&#8220; text_font=&#8220;Oswald||||||||&#8220; text_font_size=&#8220;20px&#8220; text_letter_spacing=&#8220;1px&#8220; text_line_height=&#8220;1.8em&#8220; header_font=&#8220;|||on|||||&#8220; header_text_align=&#8220;center&#8220; header_line_height=&#8220;1.8em&#8220; text_orientation=&#8220;center&#8220; global_colors_info=&#8220;{}&#8220;]<\/p>\n<h1><b>SCHLAFEN<\/b><\/h1>\n<p><span>Das Bett ist ger\u00e4umig, mit einer Breite von 2,4 Metern, gro\u00df genug f\u00fcr bis zu 3 Erwachsene oder f\u00fcr 2 Erwachsene mit bis zu 2 kleineren Kindern. Unter dem Bett befinden sich gro\u00dfe Schubladen. Und vom gro\u00dfen Rundfenster mit Rollo k\u00f6nnen Sie in der D\u00e4mmerung F\u00fcchse und Rehe beobachten.<\/span><\/p>\n<p>[\/et_pb_text][\/et_pb_column][et_pb_column type=&#8220;1_2&#8243; _builder_version=&#8220;4.16&#8243; _module_preset=&#8220;default&#8220; global_colors_info=&#8220;{}&#8220;][et_pb_text _builder_version=&#8220;4.19.0&#8243; _module_preset=&#8220;default&#8220; text_font=&#8220;Oswald||||||||&#8220; text_font_size=&#8220;20px&#8220; text_letter_spacing=&#8220;1px&#8220; text_line_height=&#8220;1.8em&#8220; header_font=&#8220;|||on|||||&#8220; header_text_align=&#8220;center&#8220; header_line_height=&#8220;1.8em&#8220; text_orientation=&#8220;center&#8220; custom_padding=&#8220;1px|||||&#8220; global_colors_info=&#8220;{}&#8220;]<\/p>\n<h1><b>BAD UND K\u00dcCHE<\/b><\/h1>\n<p>Das eingebaute kleine Badezimmer verf\u00fcgt \u00fcber eine Warmwasserdusche und eine Toilette mit Sp\u00fclung. Der Waggon ist an Strom und Wasser angeschlossen. Die K\u00fcche ist nach unseren eigenen Bed\u00fcrfnissen ausgestattet, d.h. wir haben alles, was wir brauchen: Wasserkocher, Geschirr, Besteck, T\u00f6pfe und Pfannen. Ein kleiner K\u00fchlschrank ohne Gefrierfach und ein Induktionskochfeld ist auch dabei.<\/p>\n<p>[\/et_pb_text][\/et_pb_column][\/et_pb_row][et_pb_row column_structure=&#8220;1_2,1_2&#8243; _builder_version=&#8220;4.16&#8243; _module_preset=&#8220;default&#8220; global_colors_info=&#8220;{}&#8220;][et_pb_column type=&#8220;1_2&#8243; _builder_version=&#8220;4.16&#8243; _module_preset=&#8220;default&#8220; global_colors_info=&#8220;{}&#8220;][et_pb_text _builder_version=&#8220;4.16&#8243; _module_preset=&#8220;default&#8220; text_font=&#8220;Oswald||||||||&#8220; text_font_size=&#8220;20px&#8220; text_letter_spacing=&#8220;1px&#8220; text_line_height=&#8220;1.8em&#8220; header_font=&#8220;|||on|||||&#8220; header_text_align=&#8220;center&#8220; header_line_height=&#8220;1.8em&#8220; text_orientation=&#8220;center&#8220; custom_padding=&#8220;||0px|||&#8220; global_colors_info=&#8220;{}&#8220;]<\/p>\n<h1><b>Haustiere<\/b><\/h1>\n<p>Bitte bringen Sie keine Haustiere mit. Wir lieben sie, aber der Waggon ist mit weichem Holz bekleidet und daher nicht f\u00fcr die Krallen und Z\u00e4hne geeignet.<\/p>\n<p>[\/et_pb_text][\/et_pb_column][et_pb_column type=&#8220;1_2&#8243; _builder_version=&#8220;4.16&#8243; _module_preset=&#8220;default&#8220; global_colors_info=&#8220;{}&#8220;][et_pb_text _builder_version=&#8220;4.19.0&#8243; _module_preset=&#8220;default&#8220; text_font=&#8220;Oswald||||||||&#8220; text_font_size=&#8220;20px&#8220; text_letter_spacing=&#8220;1px&#8220; text_line_height=&#8220;1.8em&#8220; header_font=&#8220;|||on|||||&#8220; header_text_align=&#8220;center&#8220; header_line_height=&#8220;1.8em&#8220; text_orientation=&#8220;center&#8220; custom_padding=&#8220;1px|||||&#8220; global_colors_info=&#8220;{}&#8220;]<\/p>\n<h1><b>Zubeh\u00f6r<\/b><\/h1>\n<p>Es gibt einen abschlie\u00dfbaren Ski- und Fahrradabstellraum sowie ein gut gef\u00fclltes Holzlager. Zur Ausstattung geh\u00f6ren auch eine tragbare Feuerstelle, ein Grill und Gartenm\u00f6bel. Und im Vorgarten neben Waggon k\u00f6nnen Sie ein kleines Kinderhaus mit Rutsche und Schaukel nutzen.<\/p>\n<p>[\/et_pb_text][\/et_pb_column][\/et_pb_row][\/et_pb_section][et_pb_section fb_built=&#8220;1&#8243; _builder_version=&#8220;4.16&#8243; _module_preset=&#8220;default&#8220; global_colors_info=&#8220;{}&#8220;][et_pb_row _builder_version=&#8220;4.16&#8243; _module_preset=&#8220;default&#8220; global_colors_info=&#8220;{}&#8220;][et_pb_column type=&#8220;4_4&#8243; _builder_version=&#8220;4.16&#8243; _module_preset=&#8220;default&#8220; global_colors_info=&#8220;{}&#8220;][et_pb_gallery gallery_ids=&#8220;3578,3580,3582,3584,3586,3588,3590,3592,3594,3596,3598,3600,3602,3604,3606,3608&#8243; posts_number=&#8220;40&#8243; show_title_and_caption=&#8220;off&#8220; show_pagination=&#8220;off&#8220; _builder_version=&#8220;4.22.1&#8243; _module_preset=&#8220;default&#8220; global_colors_info=&#8220;{}&#8220;][\/et_pb_gallery][\/et_pb_column][\/et_pb_row][\/et_pb_section][et_pb_section fb_built=&#8220;1&#8243; _builder_version=&#8220;4.21.0&#8243; _module_preset=&#8220;default&#8220; global_colors_info=&#8220;{}&#8220;][et_pb_row module_id=&#8220;Wald&#8220; _builder_version=&#8220;4.21.0&#8243; _module_preset=&#8220;default&#8220; global_colors_info=&#8220;{}&#8220;][et_pb_column type=&#8220;4_4&#8243; _builder_version=&#8220;4.16&#8243; _module_preset=&#8220;default&#8220; global_colors_info=&#8220;{}&#8220;][wpbs_divi_single_calendar id=&#8220;4&#8243; form_id=&#8220;3&#8243; title=&#8220;no&#8220; display=&#8220;2&#8243; language=&#8220;de&#8220; tooltip=&#8220;2&#8243; highlighttoday=&#8220;yes&#8220; show_prices=&#8220;yes&#8220; minimum_days=&#8220;2&#8243; show_date_selection=&#8220;yes&#8220; _builder_version=&#8220;4.21.0&#8243; _module_preset=&#8220;default&#8220; global_colors_info=&#8220;{}&#8220;][\/wpbs_divi_single_calendar][\/et_pb_column][\/et_pb_row][\/et_pb_section]<\/p>\n","protected":false},"excerpt":{"rendered":"<p>VORSTANDSWAGGONEr mag es, Teil unseres historischen Bahnhofs zu sein. Er \u00fcberblickt ein sch\u00f6nes Geb\u00e4ude aus dem 19. Jahrhundert und einen stillen Bahnsteig, auf dem mehr F\u00fcchse als Fahrg\u00e4ste unterwegs sind. Mit seinen Originaldetails ist er ein echter H\u00fcttelwagen von 1948. Und mit seiner Vorstandsausstattung wird er auch die Kleinen begeistern.GANZJ\u00c4HRIGER KOMFORT Der Waggon ist komplett [&hellip;]<\/p>\n","protected":false},"author":1,"featured_media":3660,"parent":0,"menu_order":0,"comment_status":"closed","ping_status":"closed","template":"","meta":{"_et_pb_use_builder":"on","_et_pb_old_content":"","_et_gb_content_width":"","footnotes":""},"class_list":["post-3440","page","type-page","status-publish","has-post-thumbnail","hentry"],"_links":{"self":[{"href":"https:\/\/vagonynahorach.cz\/de\/wp-json\/wp\/v2\/pages\/3440","targetHints":{"allow":["GET"]}}],"collection":[{"href":"https:\/\/vagonynahorach.cz\/de\/wp-json\/wp\/v2\/pages"}],"about":[{"href":"https:\/\/vagonynahorach.cz\/de\/wp-json\/wp\/v2\/types\/page"}],"author":[{"embeddable":true,"href":"https:\/\/vagonynahorach.cz\/de\/wp-json\/wp\/v2\/users\/1"}],"replies":[{"embeddable":true,"href":"https:\/\/vagonynahorach.cz\/de\/wp-json\/wp\/v2\/comments?post=3440"}],"version-history":[{"count":0,"href":"https:\/\/vagonynahorach.cz\/de\/wp-json\/wp\/v2\/pages\/3440\/revisions"}],"wp:featuredmedia":[{"embeddable":true,"href":"https:\/\/vagonynahorach.cz\/de\/wp-json\/wp\/v2\/media\/3660"}],"wp:attachment":[{"href":"https:\/\/vagonynahorach.cz\/de\/wp-json\/wp\/v2\/media?parent=3440"}],"curies":[{"name":"wp","href":"https:\/\/api.w.org\/{rel}","templated":true}]}}

<p>[et_pb_section fb_built=&#8220;1&#8243; custom_padding_last_edited=&#8220;off|desktop&#8220; admin_label=&#8220;Header Section&#8220; _builder_version=&#8220;4.22.1&#8243; use_background_color_gradient=&#8220;on&#8220; background_color_gradient_stops=&#8220;#ffffff 40%|rgba(255,255,255,0) 100%&#8220; background_color_gradient_overlays_image=&#8220;on&#8220; background_color_gradient_start=&#8220;#ffffff&#8220; background_color_gradient_start_position=&#8220;40%&#8220; background_color_gradient_end=&#8220;rgba(255,255,255,0)&#8220; background_image=&#8220;https://vagonynahorach.cz/wp-content/uploads/2023/07/F26EE633-7492-4B35-901F-E616152B835D.jpeg&#8220; custom_padding=&#8220;0.2%|0px|21.1%|0px||&#8220; custom_padding_tablet=&#8220;320px|0px|0px|0px&#8220; hover_enabled=&#8220;0&#8243; global_colors_info=&#8220;{}&#8220; title_text=&#8220;F26EE633-7492-4B35-901F-E616152B835D&#8220; sticky_enabled=&#8220;0&#8243;][et_pb_row admin_label=&#8220;Kopfzeile&#8220; _builder_version=&#8220;4.16&#8243; global_colors_info=&#8220;{}&#8220;][et_pb_column type=&#8220;4_4&#8243; _builder_version=&#8220;4.16&#8243; custom_padding=&#8220;|||&#8220; global_colors_info=&#8220;{}&#8220; custom_padding__hover=&#8220;|||&#8220;][et_pb_text _builder_version=&#8220;4.19.0&#8243; text_font=&#8220;Open Sans|600|||||||&#8220; text_font_size=&#8220;16px&#8220; text_line_height=&#8220;1.8em&#8220; header_font=&#8220;Oswald|||on|||||&#8220; header_font_size=&#8220;60px&#8220; header_letter_spacing=&#8220;5px&#8220; header_line_height=&#8220;1.4em&#8220; text_orientation=&#8220;center&#8220; max_width=&#8220;700px&#8220; module_alignment=&#8220;center&#8220; animation_style=&#8220;fade&#8220; global_colors_info=&#8220;{}&#8220;]</p>
<h1>VORSTANDSWAGGON</h1>
<p>[/et_pb_text][et_pb_text _builder_version=&#8220;4.19.0&#8243; _module_preset=&#8220;default&#8220; text_font=&#8220;Oswald||||||||&#8220; text_font_size=&#8220;20px&#8220; text_line_height=&#8220;2em&#8220; header_font=&#8220;|||on|||||&#8220; header_text_align=&#8220;center&#8220; header_line_height=&#8220;1.8em&#8220; text_orientation=&#8220;center&#8220; custom_padding=&#8220;46px|||||&#8220; global_colors_info=&#8220;{}&#8220;]</p>
<p>Er mag es, Teil unseres historischen Bahnhofs zu sein. Er überblickt ein schönes Gebäude aus dem 19. Jahrhundert und einen stillen Bahnsteig, auf dem mehr Füchse als Fahrgäste unterwegs sind. Mit seinen Originaldetails ist er ein echter Hüttelwagen von 1948. Und mit seiner Vorstandsausstattung wird er auch die Kleinen begeistern.</p>
<p>[/et_pb_text][et_pb_button button_url=&#8220;#Wald&#8220; button_text=&#8220;BUCHUNGSKALENDER&#8220; button_alignment=&#8220;center&#8220; _builder_version=&#8220;4.21.0&#8243; _module_preset=&#8220;default&#8220; custom_button=&#8220;on&#8220; button_text_size=&#8220;24px&#8220; button_text_color=&#8220;#000000&#8243; button_border_color=&#8220;#000000&#8243; custom_padding=&#8220;0px|||||&#8220; global_colors_info=&#8220;{}&#8220;][/et_pb_button][/et_pb_column][/et_pb_row][/et_pb_section][et_pb_section fb_built=&#8220;1&#8243; _builder_version=&#8220;4.16&#8243; _module_preset=&#8220;default&#8220; custom_padding=&#8220;43px||11px|||&#8220; global_colors_info=&#8220;{}&#8220;][et_pb_row _builder_version=&#8220;4.16&#8243; _module_preset=&#8220;default&#8220; saved_tabs=&#8220;all&#8220; global_colors_info=&#8220;{}&#8220;][et_pb_column type=&#8220;4_4&#8243; _builder_version=&#8220;4.16&#8243; _module_preset=&#8220;default&#8220; global_colors_info=&#8220;{}&#8220;][et_pb_image src=&#8220;https://vagonynahorach.cz/wp-content/uploads/2021/11/piktogramy-komplet.png&#8220; title_text=&#8220;piktogramy-komplet&#8220; _builder_version=&#8220;4.16&#8243; _module_preset=&#8220;default&#8220; max_width=&#8220;50%&#8220; module_alignment=&#8220;center&#8220; global_colors_info=&#8220;{}&#8220;][/et_pb_image][/et_pb_column][/et_pb_row][et_pb_row _builder_version=&#8220;4.16&#8243; _module_preset=&#8220;default&#8220; global_colors_info=&#8220;{}&#8220;][et_pb_column type=&#8220;4_4&#8243; _builder_version=&#8220;4.16&#8243; _module_preset=&#8220;default&#8220; global_colors_info=&#8220;{}&#8220;][et_pb_text _builder_version=&#8220;4.19.0&#8243; _module_preset=&#8220;default&#8220; text_font=&#8220;Oswald||||||||&#8220; text_font_size=&#8220;20px&#8220; text_letter_spacing=&#8220;1px&#8220; text_line_height=&#8220;1.8em&#8220; header_font=&#8220;|||on|||||&#8220; header_text_align=&#8220;center&#8220; header_line_height=&#8220;1.8em&#8220; text_orientation=&#8220;center&#8220; custom_padding=&#8220;46px|||||&#8220; global_colors_info=&#8220;{}&#8220;]</p>
<h1><b>GANZJÄHRIGER KOMFORT</b></h1>
<p><strong>Der Waggon ist komplett isoliert, ein Holzofen und eine Elektroheizung sorgen für Gemütlichkeit auch im härtesten erzgebirgischen Winter. Es erwarten Sie saubere Bettwäsche, Handtücher und eine voll ausgestattete Küche.</strong></p>
<p>[/et_pb_text][/et_pb_column][/et_pb_row][et_pb_row column_structure=&#8220;1_2,1_2&#8243; _builder_version=&#8220;4.16&#8243; _module_preset=&#8220;default&#8220; global_colors_info=&#8220;{}&#8220;][et_pb_column type=&#8220;1_2&#8243; _builder_version=&#8220;4.16&#8243; _module_preset=&#8220;default&#8220; global_colors_info=&#8220;{}&#8220;][et_pb_text _builder_version=&#8220;4.19.0&#8243; _module_preset=&#8220;default&#8220; text_font=&#8220;Oswald||||||||&#8220; text_font_size=&#8220;20px&#8220; text_letter_spacing=&#8220;1px&#8220; text_line_height=&#8220;1.8em&#8220; header_font=&#8220;|||on|||||&#8220; header_text_align=&#8220;center&#8220; header_line_height=&#8220;1.8em&#8220; text_orientation=&#8220;center&#8220; global_colors_info=&#8220;{}&#8220;]</p>
<h1><b>SCHLAFEN</b></h1>
<p><span>Das Bett ist geräumig, mit einer Breite von 2,4 Metern, groß genug für bis zu 3 Erwachsene oder für 2 Erwachsene mit bis zu 2 kleineren Kindern. Unter dem Bett befinden sich große Schubladen. Und vom großen Rundfenster mit Rollo können Sie in der Dämmerung Füchse und Rehe beobachten.</span></p>
<p>[/et_pb_text][/et_pb_column][et_pb_column type=&#8220;1_2&#8243; _builder_version=&#8220;4.16&#8243; _module_preset=&#8220;default&#8220; global_colors_info=&#8220;{}&#8220;][et_pb_text _builder_version=&#8220;4.19.0&#8243; _module_preset=&#8220;default&#8220; text_font=&#8220;Oswald||||||||&#8220; text_font_size=&#8220;20px&#8220; text_letter_spacing=&#8220;1px&#8220; text_line_height=&#8220;1.8em&#8220; header_font=&#8220;|||on|||||&#8220; header_text_align=&#8220;center&#8220; header_line_height=&#8220;1.8em&#8220; text_orientation=&#8220;center&#8220; custom_padding=&#8220;1px|||||&#8220; global_colors_info=&#8220;{}&#8220;]</p>
<h1><b>BAD UND KÜCHE</b></h1>
<p>Das eingebaute kleine Badezimmer verfügt über eine Warmwasserdusche und eine Toilette mit Spülung. Der Waggon ist an Strom und Wasser angeschlossen. Die Küche ist nach unseren eigenen Bedürfnissen ausgestattet, d.h. wir haben alles, was wir brauchen: Wasserkocher, Geschirr, Besteck, Töpfe und Pfannen. Ein kleiner Kühlschrank ohne Gefrierfach und ein Induktionskochfeld ist auch dabei.</p>
<p>[/et_pb_text][/et_pb_column][/et_pb_row][et_pb_row column_structure=&#8220;1_2,1_2&#8243; _builder_version=&#8220;4.16&#8243; _module_preset=&#8220;default&#8220; global_colors_info=&#8220;{}&#8220;][et_pb_column type=&#8220;1_2&#8243; _builder_version=&#8220;4.16&#8243; _module_preset=&#8220;default&#8220; global_colors_info=&#8220;{}&#8220;][et_pb_text _builder_version=&#8220;4.16&#8243; _module_preset=&#8220;default&#8220; text_font=&#8220;Oswald||||||||&#8220; text_font_size=&#8220;20px&#8220; text_letter_spacing=&#8220;1px&#8220; text_line_height=&#8220;1.8em&#8220; header_font=&#8220;|||on|||||&#8220; header_text_align=&#8220;center&#8220; header_line_height=&#8220;1.8em&#8220; text_orientation=&#8220;center&#8220; custom_padding=&#8220;||0px|||&#8220; global_colors_info=&#8220;{}&#8220;]</p>
<h1><b>Haustiere</b></h1>
<p>Bitte bringen Sie keine Haustiere mit. Wir lieben sie, aber der Waggon ist mit weichem Holz bekleidet und daher nicht für die Krallen und Zähne geeignet.</p>
<p>[/et_pb_text][/et_pb_column][et_pb_column type=&#8220;1_2&#8243; _builder_version=&#8220;4.16&#8243; _module_preset=&#8220;default&#8220; global_colors_info=&#8220;{}&#8220;][et_pb_text _builder_version=&#8220;4.19.0&#8243; _module_preset=&#8220;default&#8220; text_font=&#8220;Oswald||||||||&#8220; text_font_size=&#8220;20px&#8220; text_letter_spacing=&#8220;1px&#8220; text_line_height=&#8220;1.8em&#8220; header_font=&#8220;|||on|||||&#8220; header_text_align=&#8220;center&#8220; header_line_height=&#8220;1.8em&#8220; text_orientation=&#8220;center&#8220; custom_padding=&#8220;1px|||||&#8220; global_colors_info=&#8220;{}&#8220;]</p>
<h1><b>Zubehör</b></h1>
<p>Es gibt einen abschließbaren Ski- und Fahrradabstellraum sowie ein gut gefülltes Holzlager. Zur Ausstattung gehören auch eine tragbare Feuerstelle, ein Grill und Gartenmöbel. Und im Vorgarten neben Waggon können Sie ein kleines Kinderhaus mit Rutsche und Schaukel nutzen.</p>
<p>[/et_pb_text][/et_pb_column][/et_pb_row][/et_pb_section][et_pb_section fb_built=&#8220;1&#8243; _builder_version=&#8220;4.16&#8243; _module_preset=&#8220;default&#8220; global_colors_info=&#8220;{}&#8220;][et_pb_row _builder_version=&#8220;4.16&#8243; _module_preset=&#8220;default&#8220; global_colors_info=&#8220;{}&#8220;][et_pb_column type=&#8220;4_4&#8243; _builder_version=&#8220;4.16&#8243; _module_preset=&#8220;default&#8220; global_colors_info=&#8220;{}&#8220;][et_pb_gallery gallery_ids=&#8220;3578,3580,3582,3584,3586,3588,3590,3592,3594,3596,3598,3600,3602,3604,3606,3608&#8243; posts_number=&#8220;40&#8243; show_title_and_caption=&#8220;off&#8220; show_pagination=&#8220;off&#8220; _builder_version=&#8220;4.22.1&#8243; _module_preset=&#8220;default&#8220; global_colors_info=&#8220;{}&#8220;][/et_pb_gallery][/et_pb_column][/et_pb_row][/et_pb_section][et_pb_section fb_built=&#8220;1&#8243; _builder_version=&#8220;4.21.0&#8243; _module_preset=&#8220;default&#8220; global_colors_info=&#8220;{}&#8220;][et_pb_row module_id=&#8220;Wald&#8220; _builder_version=&#8220;4.21.0&#8243; _module_preset=&#8220;default&#8220; global_colors_info=&#8220;{}&#8220;][et_pb_column type=&#8220;4_4&#8243; _builder_version=&#8220;4.16&#8243; _module_preset=&#8220;default&#8220; global_colors_info=&#8220;{}&#8220;][wpbs_divi_single_calendar id=&#8220;4&#8243; form_id=&#8220;3&#8243; title=&#8220;no&#8220; display=&#8220;2&#8243; language=&#8220;de&#8220; tooltip=&#8220;2&#8243; highlighttoday=&#8220;yes&#8220; show_prices=&#8220;yes&#8220; minimum_days=&#8220;2&#8243; show_date_selection=&#8220;yes&#8220; _builder_version=&#8220;4.21.0&#8243; _module_preset=&#8220;default&#8220; global_colors_info=&#8220;{}&#8220;][/wpbs_divi_single_calendar][/et_pb_column][/et_pb_row][/et_pb_section]</p>

<p>VORSTANDSWAGGONEr mag es, Teil unseres historischen Bahnhofs zu sein. Er überblickt ein schönes Gebäude aus dem 19. Jahrhundert und einen stillen Bahnsteig, auf dem mehr Füchse als Fahrgäste unterwegs sind. Mit seinen Originaldetails ist er ein echter Hüttelwagen von 1948. Und mit seiner Vorstandsausstattung wird er auch die Kleinen begeistern.GANZJÄHRIGER KOMFORT Der Waggon ist komplett [&hellip;]</p>
